 -195. List the prime factors of h.
5, 13
Suppose 3*j = -4*d + 13474, -8*d + 4*j + 16858 = -3*d. Suppose 4670 = 20*o - d. List the prime factors of o.
2, 3, 67
Let b(c) be the first derivative of 16*c**3 - 2*c**2 - 3*c - 50. List the prime factors of b(-3).
3, 7
Let v(r) = r**3 + 69*r**2 + 575*r + 32. What are the prime factors of v(-52)?
2, 5, 7, 23
Let d = -30 - -38. Let i(g) = 4*g**2 - 3*g - 14. Let b be i(d). Let n = b + -116. List the prime factors of n.
2, 3, 17
Let f(v) = 261*v**3 + 3*v**2 - 7*v + 6. Let q = 170 - 169. What are the prime factors of f(q)?
263
Suppose -8*i + 2*i = 0. Let b be 4 + 1 + 1023 - (2 + i). Suppose 11*m = -311 + b. What are the prime factors of m?
5, 13
Suppose 0 = 8*w + 1477 - 6341. Suppose -4*r + 1200 = 2*j, -5*j + w = 2*r - 8*j. List the prime factors of r.
7, 43
Suppose 0*f = 5*w + 5*f - 25, 2*w - 3*f = 20. Let t be 2/w + 36/21. Suppose 0 = c - 4*n - 84, 89 = t*c + 5*n - 27. What are the prime factors of c?
2, 17
Suppose 54*h = 372546 + 644706. List the prime factors of h.
2, 9419
Let n(g) be the third derivative of g**6/120 - 2*g**5/5 - 11*g**4/24 - 25*g**3/3 - 20*g**2. What are the prime factors of n(25)?
2, 3, 5
List the prime factors of (((-3)/18)/((-2)/(-8)))/((-2)/77493).
13, 1987
Let z(m) = -231*m + 1219. List the prime factors of z(-79).
2, 31, 157
Suppose 0 = 21*q + 28440 - 87723. List the prime factors of q.
3, 941
Suppose 10*s - 5*s - 80 = 0. Suppose 12*x = 13*x - s. What are the prime factors of 59 - (-12)/x*-4?
2, 7
Let z be (1/(2 + -1))/((-16)/48). What are the prime factors of z + 6 + 305 + 5?
313
Suppose 28*x + 9555 = 7*x. Let d = -29 - x. List the prime factors of d.
2, 3, 71
Let g(z) be the first derivative of z**3/3 - 2*z + 5. Let o be g(2). Suppose -o*j + 115 - 15 = 0. List the prime factors of j.
2, 5
Let u = -8699 + 14993. Suppose 4*t = -4211 - 829. List the prime factors of 1/(5 + u/t).
2, 3, 5, 7
Let r(v) = v**2 - v - 10. Let k be r(-4). Let q be (-15)/k*(-350)/3. Suppose 0 = 2*i + 6, -q = 4*j + 4*i - 1159. What are the prime factors of j?
3, 83
Let y be (-11 - 606/(-54))/((-1)/(-9)). Suppose 3*u - y*u - 2*x - 292 = 0, -2*x = 4. What are the prime factors of u?
2, 3
Suppose -24675 = 201*n - 206*n. What are the prime factors of n?
3, 5, 7, 47
Let h = -56 - -81. Let i = h + -17. Suppose -i*v = -124 - 956. What are the prime factors of v?
3, 5
Let z(m) = 15*m**3 - 3*m**2 + 14*m - 1. Let r be (9/(-3) + 7/2)*6. List the prime factors of z(r).
419
List the prime factors of ((-30)/12)/(7/61446*-3).
5, 7, 11, 19
Let n be 17313/6 + (-1)/(-2). Let f = n - 1657. What are the prime factors of f?
1229
Let y = 19520 - 10283. What are the prime factors of y?
3, 3079
Suppose -524*j - 2*p = -522*j - 32292, 3 = -3*p. List the prime factors of j.
67, 241
Let s(y) = -176*y + 279. Let l be s(-21). Let o = -2571 + l. What are the prime factors of o?
2, 3, 13
Suppose -2*r = -4*c - 18, 5*c = -3*r + 4*c + 34. Suppose 206 = r*l - 4931. Suppose -3*u - a = -8*u + l, -u - 5*a + 109 = 0. List the prime factors of u.
2, 47
Let q = -31061 - -44740. List the prime factors of q.
13679
Suppose 4*n - 5*m + m = -1568, 3*n - m = -1172. Let f = n + 765. List the prime factors of f.
3, 5
Suppose 0 = -3*k + 6, -5*k = -m - 4*k. Suppose -4*d + 3*u + m*u = -37, -2*d + 13 = 3*u. Suppose d*i - 3*i = 135. What are the prime factors of i?
3
Let n = 37233 - 16191. What are the prime factors of n?
2, 3, 7, 167
Suppose -18*m + 27 = -9*m. Suppose m*s - 2*b - 2208 = -s, -5*s + b + 2754 = 0. List the prime factors of s.
2, 5, 11
Let u be 3/12 - 6445/20. List the prime factors of (-10)/5*(2 + u/4).
157
Suppose -30 + 7 = -p. Let f(x) = -15*x + p - 9 - 14*x. List the prime factors of f(-4).
2, 5, 13
Let n(d) = 83*d**2 - 36*d + 190. What are the prime factors of n(6)?
2, 1481
Let u = -127 + 130. What are the prime factors of (-8)/(-6)*u + 1361?
3, 5, 7, 13
List the prime factors of (3216/40)/(11/4510*2).
2, 3, 41, 67
Suppose 0 = 10*j - 195 - 25. Suppose -j*t + 12155 = -11*t. Suppose 7*g + 69 - t = 0. List the prime factors of g.
2, 37
Let l(z) = -39*z**2 - 3*z + z**3 + 9 + 15 + 31*z**2. Let y be l(8). Suppose y = -15*v + 12*v + 504. List the prime factors of v.
2, 3, 7
Suppose 0 = 2*t + 5*i - 15073, 17 = 4*i + 21. What are the prime factors of t?
3, 7, 359
Let f(v) = -22*v + 24 - 65 - 67 + 31 - 145. What are the prime factors of f(-34)?
2, 263
Let u be 36/24 + 65/2. Suppose 2*q - 27 = -s - 3*q, 0 = -4*s + q + 24. Suppose -8*x = -s*x - u. List the prime factors of x.
2, 17
Suppose 5026*y = 5028*y + o - 37621, 2*o = -y + 18812. What are the prime factors of y?
2, 3, 5, 11, 19
Suppose -112 = -4*q + 48. Let u = -30 + q. List the prime factors of (u/(-20))/(1/(-6)) - -47.
2, 5
Let f = 3901 - 1956. List the prime factors of f.
5, 389
Let i(p) = 53*p - 1. Suppose 29*n + 2 = 31*n. Let r be i(n). Suppose -v - r = -207. List the prime factors of v.
5, 31
List the prime factors of (-979 - (-11 + 9))*-4.
2, 977
What are the prime factors of (-1 - 7) + (17906 - 29)?
107, 167
Suppose 576*d = 531*d + 1659465. List the prime factors of d.
36877
Let o(z) = 14*z**3 - 14*z**2 + 65*z + 56. List the prime factors of o(9).
11, 883
Let k be ((-8)/10)/(1/185). Let d = k - -476. List the prime factors of d.
2, 41
Let q = 300 - 398. Let x = q + 222. List the prime factors of x.
2, 31
Let s(c) = 5*c**3 + c**2 + 7. Let y be s(-3). Let g = y + 151. What are the prime factors of g?
2
Suppose 98*c = 91*c + 12054. Suppose v - 864 = -3*u, c = -0*v + 2*v + 3*u. What are the prime factors of v?
2, 3, 11, 13
Suppose 0 = a + 2*a - 399. Let n = -61 + a. Suppose 5*v - d - n = 0, 2*d + 3 = 3*d. What are the prime factors of v?
3, 5
List the prime factors of 803*(8 + 6 + (3 - 6)) - 5.
2, 2207
Let z = 276 - -3384. Suppose -112*h + 107*h + z = 0. Suppose -6*f + 2*f + h = 0. List the prime factors of f.
3, 61
Let s(j) = 821*j + 9. Let d be s(1). Let h = -423 + d. What are the prime factors of h?
11, 37
Suppose -6*m + 9843 = -17493. Suppose -36*n = -m - 13048. What are the prime factors of n?
3, 163
Suppose -2*c + 28*l - 31*l + 76089 = 0, 5*c - 190242 = -l. What are the prime factors of c?
3, 11, 1153
Suppose -4*y + 6852 = 4*u + 1240, -3*y + u = -4221. What are the prime factors of y?
2, 19, 37
Suppose q - 3*x - 19775 = 0, 5*q - 94837 - 4019 = -4*x. List the prime factors of q.
2, 4943
Let g = -15 + 17. Suppose 4 = j + g*f + 2, 3*j = -5*f + 5. Suppose j = -3*a - 3 - 12, -n = -2*a - 94. What are the prime factors of n?
2, 3, 7
Let f be (4 + -5)*2/((-8)/4). Suppose 4*b - f = 223. What are the prime factors of b?
2, 7
Suppose l + 4984 = 3*m - 21007, -3*m - l = -25981. What are the prime factors of m?
2, 61, 71
Suppose 25287 = 3*r - 31*t + 28*t, 16843 = 2*r + 3*t. What are the prime factors of r?
2, 11, 383
Let y(j) be the first derivative of j**3/3 + 6*j**2 - 3*j - 45. What are the prime factors of y(4)?
61
Let o(y) = y**2 - 49*y - 750. What are the prime factors of o(-42)?
2, 3
Let h be (3 - (2 + -3))/4. Let l(w) = 1890*w + 19. What are the prime factors of l(h)?
23, 83
Let u(j) = -2*j**3 - 9*j**2 - 3*j + 6. Suppose -2*c - 6 - 2 = 0. Let w be u(c). Suppose -3*o - w*d = -205, 8*o + 2*d = 7*o + 63. List the prime factors of o.
71
Let i = -983 + 1462. What are the prime factors of i?
479
Let c = -6642 + 9285. List the prime factors of c.
3, 881
Suppose 12*i = 7*i + 30. Let j be (-60)/i*8/(-10). List the prime factors of (3 + 84/j)*16/12.
2, 3
Let q = -56 + 68. Let y(p) = 2*p**2 + 7*p - 91. What are the prime factors of y(q)?
281
Suppose -61 = -14*u - 5. Suppose -3*k + 168 = -0*w + u*w, 3*w - k - 113 = 0. Suppose 7*q = -11 + w. List the prime factors of q.
2
List the prime factors of 20 + 56895 + 4 + -15.
2, 3, 2371
Let d(q) = -41*q - 17. Let s be d(3). Let r = -51 - s. List the prime factors of r.
89
Let o be ((-6)/(-5))/(1/20). Suppose -4*n + 20 = 0, 2 = 3*h + n - o. Suppose h*d = -247 + 786. List the prime factors of d.
7, 11
Suppose 4*m - 5*m = 249. Let a be m/(-21) + 5/35. Suppose -5*w - a = s - 65, -2*s - w = -124. What are the prime factors of s?
3, 7
Suppose 79 = -5*u + 89. Suppose i - 1532 = -5*a, u*a - i - 379 = 238. What are the prime factors of a?
307
Let g(u) = -39*u**3 - 2*u**2 - 4*u + 16. What are the prime factors of g(-7)?
3, 4441
Let k = -21 - -38. Suppose 0 = -k*h + 26